592.
54
Calculate the greatest common factor of 112321 and 539.
11
What is the highest common factor of 313247 and 23276?
11
Calculate the greatest common factor of 10 and 369271055.
5
What is the greatest common divisor of 9398175 and 10092?
2523
Calculate the greatest common factor of 361665 and 333.
9
What is the greatest common factor of 3296933 and 47?
1
What is the greatest common factor of 2513656 and 34565?
223
What is the greatest common divisor of 20315904 and 55776?
672
What is the greatest common factor of 188181 and 21231?
63
Calculate the highest common factor of 60643 and 3091.
11
Calculate the highest common factor of 124939944 and 72.
72
Calculate the greatest common divisor of 156728 and 282568.
1144
What is the greatest common factor of 4614272 and 549408?
1888
What is the highest common factor of 126260 and 26964?
428
What is the highest common divisor of 70 and 77484820?
70
What is the greatest common divisor of 1119 and 31973187?
1119
What is the highest common factor of 1936 and 98799184?
176
Calculate the highest common divisor of 11 and 20483925.
11
What is the greatest common factor of 369 and 3984872?
41
Calculate the greatest common factor of 606125143 and 319.
29
Calculate the greatest common factor of 4209123 and 1039856.
3823
What is the greatest common factor of 1045806 and 2754?
102
What is the greatest common divisor of 30690216 and 64?
8
Calculate the greatest common factor of 78372174 and 6.
6
Calculate the highest common divisor of 119419309 and 2749.
2749
What is the greatest common factor of 1434 and 1930164?
1434
Calculate the greatest common factor of 89 and 2241730487.
89
What is the greatest common factor of 16260697 and 1313?
101
What is the highest common divisor of 33046 and 4801264?
1066
What is the highest common divisor of 438 and 253821?
219
Calculate the highest common factor of 212437500 and 412.
412
What is the greatest common divisor of 339275 and 46125?
1025
What is the greatest common divisor of 28726623 and 1962?
981
Calculate the highest common divisor of 37523 and 95299.
157
Calculate the highest common factor of 12 and 61938048.
12
What is the greatest common divisor of 42198292 and 12?
4
Calculate the highest common divisor of 26106044 and 44.
4
Calculate the highest common divisor of 1621 and 38672197.
1621
Calculate the greatest common divisor of 130 and 687163373.
13
Calculate the highest common divisor of 9 and 184760937.
9
What is the greatest common factor of 62348733 and 27?
9
Calculate the greatest common factor of 15671428 and 304.
76
Calculate the highest common divisor of 79281 and 4554.
207
What is the highest common divisor of 5757 and 332804494?
1919
What is the highest common factor of 279 and 13249307?
31
What is the greatest common divisor of 28 and 66088274?
14
Calculate the greatest common factor of 1477056 and 54848.
64
Calculate the greatest common divisor of 2928 and 1515936.
48
Calculate the greatest common factor of 2415360 and 5735.
185
Calculate the greatest common divisor of 440940 and 372.
12
What is the highest common divisor of 4273354 and 184?
46
Calculate the highest common divisor of 3833384 and 5724.
212
What is the highest common factor of 9196 and 172444?
76
Calculate the highest common divisor of 1595 and 1783529.
319
What is the greatest common factor of 18209 and 567885?
131
What is the greatest common divisor of 9 and 26029116?
9
What is the highest common factor of 42304522 and 438?
146
What is the greatest common factor of 51669 and 127593?
9
Calculate the greatest common factor of 39 and 2728661.
13
What is the highest common divisor of 2904 and 1330824?
264
What is the greatest common divisor of 34 and 1833960?
34
Calculate the greatest common factor of 857 and 367212502.
857
Calculate the greatest common divisor of 6480 and 49040235.
405
Calculate the highest common divisor of 14999484 and 48.
12
What is the greatest common divisor of 4 and 9371228?
4
What is the highest common factor of 5753448 and 11808?
2952
Calculate the highest common factor of 67645032 and 10904.
376
What is the highest common divisor of 195416852 and 2216?
1108
Calculate the highest common divisor of 265605089 and 5923.
5923
Calculate the highest common factor of 805 and 115090390.
115
What is the highest common factor of 1108557 and 223443?
333
What is the highest common divisor of 80080 and 1686608?
1232
What is the greatest common factor of 35 and 74231185?
35
Calculate the greatest common factor of 14242520 and 72473.
3151
Calculate the highest common factor of 1060 and 633095070.
530
What is the greatest common divisor of 298 and 20495546?
298
Calculate the greatest common divisor of 252 and 190340388.
252
Calculate the highest common factor of 2567331 and 936.
117
Calculate the greatest common divisor of 355929 and 109599.
357
What is the highest common divisor of 1611897 and 20622?
21
Calculate the greatest common factor of 33514633 and 66725.
2669
What is the highest common factor of 13548 and 23676?
12
Calculate the highest common divisor of 14131896 and 80104.
2584
Calculate the highest common factor of 13604 and 3736088.
716
Calculate the highest common factor of 19557 and 10539.
9
What is the greatest common factor of 2562175 and 77000?
1925
What is the greatest common divisor of 6945767 and 217?
31
Calculate the greatest common factor of 113338 and 20.
2
What is the greatest common divisor of 5865 and 37645?
5
What is the greatest common divisor of 261954 and 2849742?
7938
What is the greatest common factor of 955476 and 228?
12
What is the highest common divisor of 55291264 and 8?
8
Calculate the greatest common divisor of 41739180 and 560.
140
Calculate the greatest common factor of 1120 and 2824080.
560
Calculate the greatest common factor of 20808 and 25257240.
1224
Calculate the greatest common factor of 1210 and 7059250.
110
What is the greatest common factor of 2575 and 4972875?
25
Calculate the greatest common factor of 144 and 242756.
4
Calculate the greatest common divisor of 1618452 and 6499.
67
What is the highest common factor of 12376 and 283326862?
3094
Calculate the highest common factor of 123723 and 33552.
2097
Calculate the greatest common factor of 7601 and 2021265521.
7601
What is the greatest common divisor of 28 and 337847342?
14
What is the highest common divisor of 408 and 23052306?
102
Calculate the greatest common factor of 42 and 30308936.
14
Calculate the highest common factor of 357608 and 13.
1
Calculate the greatest common factor of 513 and 310212.
9
Calculate the greatest common divisor of 13 and 7121062.
13
Calculate the greatest common factor of 51327 and 686261.
1901
Calculate the highest common factor of 12077208 and 5984.
1496
Calculate the highest common factor of 150513 and 5933861.
4561
What is the greatest common factor of 189 and 3956229?
27
What is the highest common factor of 324 and 33664518?
54
Calculate the highest common divisor of 11701259 and 109.
109
What is the greatest common factor of 2268137260 and 3460?
3460
What is the greatest common factor of 4180 and 10159490?
2090
Calculate the greatest common factor of 92 and 1947134.
46
What is the highest common factor of 17119840 and 57620?
1340
What is the highest common divisor of 6973 and 1129531?
19
What is the highest common factor of 168 and 5097344?
56
Calculate the highest common factor of 3699 and 138273552.
1233
What is the greatest common factor of 3993756257 and 31?
31
Calculate the highest common divisor of 664785 and 1016235.
495
Calculate the greatest common divisor of 9728250 and 78.
6
Calculate the highest common factor of 4604682 and 5874.
534
What is the greatest common factor of 77 and 107506861?
77
Calculate the highest common factor of 76115070 and 210.
30
Calculate the greatest common divisor of 3445307 and 2894.
1447
What is the greatest common divisor of 41 and 9276127?
41
Calculate the greatest common factor of 420492 and 15276.
804
Calculate the greatest common factor of 263069 and 304315.
503
Calculate the greatest common factor of 49 and 29796361.
49
Calculate the greatest common factor of 38810745 and 315672.
5637
What is the highest common divisor of 3234 and 11809182?
462
Calculate the greatest common factor of 374391 